{"id":1051,"date":"2026-04-19T15:12:59","date_gmt":"2026-04-19T19:12:59","guid":{"rendered":"https:\/\/glozanov.dectim.ca\/phase_zero\/?page_id=1051"},"modified":"2026-05-12T07:46:26","modified_gmt":"2026-05-12T11:46:26","slug":"fiche-equipe-5","status":"publish","type":"page","link":"https:\/\/glozanov.dectim.ca\/phase_zero\/fiche-equipe-5\/","title":{"rendered":"Fiche \u00e9quipe 5"},"content":{"rendered":"\n<div class=\"wp-block-group is-nowrap is-layout-flex wp-container-core-group-is-layout-64c224b7 wp-block-group-is-layout-flex\" style=\"margin-bottom:0;padding-bottom:0\">\n<div class=\"wp-block-group is-layout-constrained wp-block-group-is-layout-constrained\">\n<h2 class=\"wp-block-heading has-text-align-center animated slideInDown delay-100ms has-ast-global-color-5-background-color has-background\" style=\"padding-top:8px;padding-right:8px;padding-bottom:8px;padding-left:8px\"><strong>Gabriel Dubois<\/strong><\/h2>\n\n\n\n<figure class=\"wp-block-image size-full animated fadeInLeft\"><img loading=\"lazy\" decoding=\"async\" width=\"426\" height=\"325\" src=\"https:\/\/glozanov.dectim.ca\/phase_zero\/wp-content\/uploads\/2026\/03\/top-4.jpg\" alt=\"\" class=\"wp-image-514\" srcset=\"https:\/\/glozanov.dectim.ca\/phase_zero\/wp-content\/uploads\/2026\/03\/top-4.jpg 426w, https:\/\/glozanov.dectim.ca\/phase_zero\/wp-content\/uploads\/2026\/03\/top-4-300x229.jpg 300w\" sizes=\"auto, (max-width: 426px) 100vw, 426px\" \/><\/figure>\n<\/div>\n\n\n\n<div class=\"wp-block-group is-layout-constrained wp-block-group-is-layout-constrained\">\n<h3 class=\"wp-block-heading animated fadeInRight delay-100ms\"><strong><strong>Ing\u00e9nieur AQ Automatisation<\/strong><\/strong><\/h3>\n\n\n\n<p class=\"animated fadeInRight delay-200ms\">Il con\u00e7oit et maintient les suites de tests automatis\u00e9s. Ses t\u00e2ches quotidiennes peuvent inclurent : <\/p>\n\n\n\n<ul class=\"wp-block-list\">\n<li class=\"animated fadeInRight o-anim-custom-delay undefined o-anim-value-delay-0.3s\">D\u00e9veloppement de tests<\/li>\n\n\n\n<li class=\"animated fadeInLeft delay-200ms\">Maintenance CI<\/li>\n\n\n\n<li class=\"animated fadeInLeft o-anim-custom-delay undefined o-anim-value-delay-0.3s\">Analyse des r\u00e9sultats<\/li>\n\n\n\n<li class=\"animated fadeInLeft o-anim-custom-delay undefined o-anim-value-delay-0.4s\">Outillage interne<\/li>\n<\/ul>\n<\/div>\n<\/div>\n\n\n\n<div class=\"wp-block-group is-layout-grid wp-container-core-group-is-layout-988b637e wp-block-group-is-layout-grid\">\n<div class=\"wp-block-group animated zoomIn delay-100ms has-ast-global-color-5-background-color has-background is-layout-constrained wp-container-core-group-is-layout-3ee44764 wp-block-group-is-layout-constrained\" style=\"padding-top:24px;padding-right:24px;padding-bottom:24px;padding-left:24px\">\n<h4 class=\"wp-block-heading animated slideInDown delay-100ms\"><strong>Comp\u00e9tences cl\u00e9s<\/strong><\/h4>\n\n\n\n<ul class=\"wp-block-list\">\n<li class=\"animated fadeInLeft delay-100ms\">Python\/C#<\/li>\n\n\n\n<li class=\"animated fadeInLeft delay-200ms\">Frameworks de test<\/li>\n\n\n\n<li class=\"animated fadeInLeft o-anim-custom-delay undefined o-anim-value-delay-0.3s\">CI\/CD<\/li>\n\n\n\n<li class=\"animated fadeInLeft o-anim-custom-delay undefined o-anim-value-delay-0.4s\">Analyse de logs<\/li>\n<\/ul>\n<\/div>\n\n\n\n<div class=\"wp-block-group animated zoomIn delay-100ms has-ast-global-color-5-background-color has-background is-layout-constrained wp-container-core-group-is-layout-3ee44764 wp-block-group-is-layout-constrained\" style=\"padding-top:24px;padding-right:24px;padding-bottom:24px;padding-left:24px\">\n<h4 class=\"wp-block-heading animated slideInDown delay-100ms\"><strong>Environnement<\/strong><\/h4>\n\n\n\n<ul class=\"wp-block-list\">\n<li class=\"animated fadeInUp delay-100ms\">Jenkins\/GitHub Actions<\/li>\n\n\n\n<li class=\"animated fadeInUp delay-200ms\">Frameworks de test moteur<\/li>\n\n\n\n<li class=\"animated fadeInUp o-anim-custom-delay undefined o-anim-value-delay-0.3s\">Git<\/li>\n<\/ul>\n<\/div>\n\n\n\n<div class=\"wp-block-group animated zoomIn delay-100ms has-ast-global-color-5-background-color has-background is-layout-constrained wp-container-core-group-is-layout-3ee44764 wp-block-group-is-layout-constrained\" style=\"padding-top:24px;padding-right:24px;padding-bottom:24px;padding-left:24px\">\n<h4 class=\"wp-block-heading animated slideInDown delay-100ms\"><strong>Formation<\/strong><\/h4>\n\n\n\n<p class=\"animated fadeInRight delay-100ms\">G\u00e9nie logiciel ou informatique<\/p>\n<\/div>\n\n\n\n<div class=\"wp-block-group animated zoomIn delay-100ms has-ast-global-color-5-background-color has-background is-layout-constrained wp-container-core-group-is-layout-3ee44764 wp-block-group-is-layout-constrained\" style=\"padding-top:24px;padding-right:24px;padding-bottom:24px;padding-left:24px\">\n<h4 class=\"wp-block-heading animated slideInDown delay-100ms\"><strong>Salaire moyen<\/strong><\/h4>\n\n\n\n<p class=\"animated fadeInLeft delay-100ms\">75 000 &#8211; 90 000 (selon exp\u00e9rience)<\/p>\n<\/div>\n\n\n\n<div class=\"wp-block-group animated zoomIn delay-100ms has-ast-global-color-5-background-color has-background is-layout-constrained wp-container-core-group-is-layout-3ee44764 wp-block-group-is-layout-constrained\" style=\"padding-top:24px;padding-right:24px;padding-bottom:24px;padding-left:24px\">\n<h4 class=\"wp-block-heading animated slideInDown delay-100ms\">&nbsp;<strong>Perspectives<\/strong><\/h4>\n\n\n\n<ul class=\"wp-block-list\">\n<li class=\"animated fadeInUp delay-100ms\">Ing\u00e9nieur qualit\u00e9 senior<\/li>\n\n\n\n<li class=\"animated fadeInUp delay-200ms\">DevOps orient\u00e9 AQ<\/li>\n<\/ul>\n<\/div>\n\n\n\n<div class=\"wp-block-group animated zoomIn delay-100ms has-ast-global-color-5-background-color has-background is-layout-flow wp-container-core-group-is-layout-f451e53f wp-block-group-is-layout-flow\" style=\"padding-top:24px;padding-right:24px;padding-bottom:24px;padding-left:24px\">\n<h4 class=\"wp-block-heading animated slideInDown delay-100ms\"><strong>Citation<\/strong><\/h4>\n\n\n\n<p class=\"animated fadeInRight delay-100ms\">\u00ab Un bon test automatis\u00e9, c\u2019est un filet de s\u00e9curit\u00e9 invisible : on ne le voit pas, mais sans lui, chaque changement devient un risque. \u00bb<\/p>\n<\/div>\n<\/div>\n","protected":false},"excerpt":{"rendered":"<p>Gabriel Dubois Ing\u00e9nieur AQ Automatisation Il con\u00e7oit et maintient les suites de tests automatis\u00e9s. Ses t\u00e2ches quotidiennes peuvent inclurent : [&hellip;]<\/p>\n","protected":false},"author":2,"featured_media":0,"parent":0,"menu_order":0,"comment_status":"closed","ping_status":"closed","template":"","meta":{"site-sidebar-layout":"default","site-content-layout":"","ast-site-content-layout":"default","site-content-style":"default","site-sidebar-style":"default","ast-global-header-display":"","ast-banner-title-visibility":"","ast-main-header-display":"","ast-hfb-above-header-display":"","ast-hfb-below-header-display":"","ast-hfb-mobile-header-display":"","site-post-title":"disabled","ast-breadcrumbs-content":"","ast-featured-img":"","footer-sml-layout":"","ast-disable-related-posts":"","theme-transparent-header-meta":"","adv-header-id-meta":"","stick-header-meta":"","header-above-stick-meta":"","header-main-stick-meta":"","header-below-stick-meta":"","astra-migrate-meta-layouts":"default","ast-page-background-enabled":"default","ast-page-background-meta":{"desktop":{"background-color":"var(--ast-global-color-5)","background-image":"","background-repeat":"repeat","background-position":"center center","background-size":"auto","background-attachment":"scroll","background-type":"","background-media":"","overlay-type":"","overlay-color":"","overlay-opacity":"","overlay-gradient":""},"tablet":{"background-color":"","background-image":"","background-repeat":"repeat","background-position":"center center","background-size":"auto","background-attachment":"scroll","background-type":"","background-media":"","overlay-type":"","overlay-color":"","overlay-opacity":"","overlay-gradient":""},"mobile":{"background-color":"","background-image":"","background-repeat":"repeat","background-position":"center center","background-size":"auto","background-attachment":"scroll","background-type":"","background-media":"","overlay-type":"","overlay-color":"","overlay-opacity":"","overlay-gradient":""}},"ast-content-background-meta":{"desktop":{"background-color":"var(--ast-global-color-4)","background-image":"","background-repeat":"repeat","background-position":"center center","background-size":"auto","background-attachment":"scroll","background-type":"","background-media":"","overlay-type":"","overlay-color":"","overlay-opacity":"","overlay-gradient":""},"tablet":{"background-color":"var(--ast-global-color-4)","background-image":"","background-repeat":"repeat","background-position":"center center","background-size":"auto","background-attachment":"scroll","background-type":"","background-media":"","overlay-type":"","overlay-color":"","overlay-opacity":"","overlay-gradient":""},"mobile":{"background-color":"var(--ast-global-color-4)","background-image":"","background-repeat":"repeat","background-position":"center center","background-size":"auto","background-attachment":"scroll","background-type":"","background-media":"","overlay-type":"","overlay-color":"","overlay-opacity":"","overlay-gradient":""}},"footnotes":""},"class_list":["post-1051","page","type-page","status-publish","hentry"],"_links":{"self":[{"href":"https:\/\/glozanov.dectim.ca\/phase_zero\/wp-json\/wp\/v2\/pages\/1051","targetHints":{"allow":["GET"]}}],"collection":[{"href":"https:\/\/glozanov.dectim.ca\/phase_zero\/wp-json\/wp\/v2\/pages"}],"about":[{"href":"https:\/\/glozanov.dectim.ca\/phase_zero\/wp-json\/wp\/v2\/types\/page"}],"author":[{"embeddable":true,"href":"https:\/\/glozanov.dectim.ca\/phase_zero\/wp-json\/wp\/v2\/users\/2"}],"replies":[{"embeddable":true,"href":"https:\/\/glozanov.dectim.ca\/phase_zero\/wp-json\/wp\/v2\/comments?post=1051"}],"version-history":[{"count":5,"href":"https:\/\/glozanov.dectim.ca\/phase_zero\/wp-json\/wp\/v2\/pages\/1051\/revisions"}],"predecessor-version":[{"id":1354,"href":"https:\/\/glozanov.dectim.ca\/phase_zero\/wp-json\/wp\/v2\/pages\/1051\/revisions\/1354"}],"wp:attachment":[{"href":"https:\/\/glozanov.dectim.ca\/phase_zero\/wp-json\/wp\/v2\/media?parent=1051"}],"curies":[{"name":"wp","href":"https:\/\/api.w.org\/{rel}","templated":true}]}}